28.
4
Calculate the highest common divisor of 65 and 12623.
13
Calculate the greatest common divisor of 40 and 410.
10
Calculate the greatest common divisor of 18 and 315.
9
Calculate the highest common divisor of 39 and 767.
13
Calculate the highest common divisor of 330 and 66.
66
Calculate the greatest common factor of 99 and 27.
9
What is the greatest common factor of 4 and 536?
4
Calculate the highest common factor of 42 and 318.
6
Calculate the highest common divisor of 629 and 333.
37
Calculate the greatest common factor of 8 and 196.
4
What is the greatest common divisor of 22 and 297?
11
Calculate the highest common factor of 979 and 3115.
89
Calculate the highest common factor of 527 and 17.
17
Calculate the greatest common divisor of 1020 and 60.
60
What is the highest common factor of 27 and 117?
9
Calculate the greatest common factor of 15 and 5760.
15
What is the greatest common divisor of 4 and 8212?
4
Calculate the greatest common divisor of 2167 and 275.
11
Calculate the greatest common divisor of 273 and 189.
21
What is the highest common factor of 308 and 12144?
44
What is the highest common divisor of 1558 and 902?
82
Calculate the highest common divisor of 18 and 27.
9
Calculate the greatest common factor of 3267 and 242.
121
Calculate the highest common factor of 428 and 8.
4
Calculate the greatest common factor of 68736 and 16.
16
What is the greatest common divisor of 408 and 108?
12
What is the highest common divisor of 26 and 338?
26
What is the greatest common factor of 57 and 437?
19
What is the highest common divisor of 33 and 264?
33
Calculate the greatest common divisor of 584 and 219.
73
What is the greatest common factor of 2982 and 182?
14
Calculate the greatest common factor of 189 and 15309.
189
Calculate the highest common factor of 18 and 4854.
6
Calculate the greatest common divisor of 457 and 16.
1
What is the greatest common divisor of 29100 and 900?
300
Calculate the greatest common factor of 2489 and 131.
131
Calculate the greatest common factor of 288 and 27.
9
Calculate the greatest common factor of 28 and 217.
7
What is the greatest common divisor of 1278 and 414?
18
What is the greatest common divisor of 7 and 49?
7
Calculate the highest common factor of 44 and 7414.
22
What is the greatest common factor of 8 and 64?
8
What is the greatest common divisor of 21 and 2394?
21
Calculate the highest common divisor of 25 and 325.
25
Calculate the greatest common divisor of 16 and 2344.
8
Calculate the highest common factor of 1 and 15.
1
What is the highest common factor of 130 and 182?
26
What is the greatest common factor of 302 and 2869?
151
Calculate the greatest common divisor of 5848 and 680.
136
Calculate the greatest common divisor of 74130 and 10.
10
What is the highest common factor of 562 and 30?
2
Calculate the highest common factor of 132 and 32439.
33
What is the greatest common factor of 28 and 812?
28
What is the greatest common divisor of 312 and 144?
24
Calculate the highest common factor of 103 and 3811.
103
Calculate the greatest common divisor of 5415 and 15.
15
What is the highest common factor of 2030 and 15?
5
Calculate the greatest common factor of 4 and 604.
4
Calculate the highest common factor of 1730 and 20.
10
Calculate the greatest common factor of 171 and 38.
19
What is the greatest common divisor of 288 and 32?
32
Calculate the greatest common divisor of 39 and 21.
3
What is the highest common factor of 18 and 3366?
18
What is the highest common divisor of 9 and 4?
1
What is the greatest common factor of 207 and 36?
9
What is the highest common factor of 94 and 1504?
94
Calculate the greatest common factor of 3 and 2757.
3
What is the greatest common factor of 333 and 592?
37
What is the greatest common divisor of 592 and 12?
4
What is the greatest common divisor of 1255 and 15?
5
Calculate the highest common divisor of 1239 and 105.
21
Calculate the greatest common divisor of 117 and 54.
9
Calculate the greatest common factor of 64 and 20.
4
What is the highest common factor of 15 and 35?
5
What is the greatest common divisor of 26 and 130?
26
Calculate the highest common factor of 1850 and 74.
74
Calculate the highest common factor of 624 and 39.
39
Calculate the greatest common factor of 156 and 975.
39
Calculate the greatest common factor of 132 and 60.
12
What is the greatest common factor of 242 and 8591?
121
What is the highest common factor of 756 and 324?
108
What is the highest common factor of 238 and 14?
14
What is the greatest common divisor of 72 and 18?
18
What is the greatest common factor of 350 and 140?
70
What is the greatest common factor of 176 and 32?
16
What is the highest common factor of 3675 and 200?
25
What is the highest common divisor of 1914 and 522?
174
Calculate the highest common divisor of 306 and 144.
18
Calculate the greatest common divisor of 182 and 26.
26
Calculate the highest common factor of 6534 and 22.
22
What is the highest common divisor of 119 and 154?
7
What is the greatest common factor of 191 and 4393?
191
Calculate the highest common factor of 900 and 300.
300
Calculate the greatest common factor of 2440 and 280.
40
Calculate the greatest common divisor of 713 and 496.
31
What is the highest common divisor of 5 and 21095?
5
What is the highest common divisor of 1254 and 132?
66
What is the highest common divisor of 24 and 276?
12
Calculate the highest common divisor of 1296 and 162.
162
Calculate the highest common factor of 140 and 25.
5
What is the greatest common factor of 25 and 3275?
25
Calculate the greatest common factor of 20 and 105.
5
What is the greatest common factor of 294 and 34251?
147
What is the greatest common factor of 258 and 2193?
129
What is the highest common divisor of 76 and 3?
1
What is the highest common factor of 60 and 84?
12
Calculate the greatest common factor of 1876 and 35.
7
What is the highest common divisor of 20565 and 135?
45
What is the greatest common factor of 10071 and 27?
27
Calculate the highest common factor of 94 and 24722.
94
Calculate the highest common divisor of 264 and 110.
22
What is the greatest common factor of 27 and 360?
9
Calculate the greatest common factor of 220 and 1140.
20
Calculate the highest common factor of 100845 and 415.
415
What is the highest common divisor of 77 and 44?
11
What is the highest common factor of 60 and 8790?
30
What is the greatest common factor of 938 and 14?
14
What is the highest common factor of 22044 and 528?
132
What is the highest common divisor of 782 and 34?
34
What is the greatest common divisor of 14 and 42?
14
What is the greatest common divisor of 49 and 1323?
49
What is the highest common divisor of 1012 and 3795?
253
What is the greatest common factor of 9 and 1821?
3
Calculate the highest common factor of 1394 and 1088.
34
What is the greatest common factor of 25 and 3665?
5
What is the greatest common divisor of 351 and 2862?
27
What is the highest common factor of 6467 and 145?
29
Calculate the highest common factor of 44 and 2354.
22
What is the greatest common divisor of 450 and 54?
18
What is the highest common divisor of 13 and 598?
13
Calculate the highest common factor of 38 and 589.
19
Calculate the greatest common divisor of 200 and 275.
25
What is the highest common divisor of 138 and 12?
6
Calculate the highest common divisor of 22977 and 185.
37
Calculate the highest common factor of 55 and 5555.
55
What is the greatest common factor of 184 and 168?
8
Calculate the highest common factor of 43 and 86.
43
What is the greatest common factor of 12 and 48?
12
What is the highest common factor of 132 and 176?
44
What is the highest common divisor of 657 and 18?
9
Calculate the greatest common divisor of 1570 and 471.
157
What is the highest common factor of 24648 and 8?
8
What is the highest common factor of 188 and 156?
4
What is the greatest common factor of 22 and 99?
11
What is the greatest common factor of 60 and 70?
10
What is the greatest common factor of 195 and 150?
15
Calculate the highest common divisor of 1900 and 304.
76
What is the greatest common factor of 5829 and 1005?
201
What is the greatest common factor of 87 and 24621?
87
Calculate the highest common factor of 312 and 26.
26
Calculate the 